{"id":31,"date":"2020-03-30T10:39:01","date_gmt":"2020-03-30T10:39:01","guid":{"rendered":"https:\/\/www.tinevintherclausen.dk\/?page_id=31"},"modified":"2025-12-29T11:48:53","modified_gmt":"2025-12-29T11:48:53","slug":"hvem-er-tine","status":"publish","type":"page","link":"https:\/\/www.tinevintherclausen.dk\/index.php\/hvem-er-tine\/","title":{"rendered":"Hvem er Tine?"},"content":{"rendered":"\n<p><em>\u201dDen, der g\u00e5r i de andres fodspor, kommer aldrig foran.\u201d<\/em><\/p>\n\n\n\n<p>Det er mit livsmotto. Selvom det kan lyde s\u00e5dan, er det ikke bare et sp\u00f8rgsm\u00e5l om at komme f\u00f8rst. Det handler derimod om at vove \u2013 at turde s\u00f8ge sin egen vej og s\u00e6tte sit eget pr\u00e6g p\u00e5 sine omgivelser.<\/p>\n\n\n\n<p>Fra barnsben har jeg altid g\u00e5et mine egne veje. Jeg har fulgt mit hjerte mod de omgivelser og mennesker, der giver mening i mit liv. Det har bragt mig vidt omkring. Fra Bandholm til K\u00f8benhavn tilbage til Maribo. Fra studerende til selvst\u00e6ndig for nu at arbejde for Gate21.<\/p>\n\n\n\n<p>I Lolland Kommune skal vi heller ikke g\u00e5 i de andres fodspor. Vi skal se mulighederne og gribe ud efter chancerne.&nbsp;Det kan vi g\u00f8re sammen.<\/p>\n\n\n\n<p><\/p>\n\n\n\n<h3 class=\"wp-block-heading\"><strong>Nysgerrigheden og den frie tanke<\/strong><\/h3>\n\n\n\n<p>Hvis du spurgte mine for\u00e6ldre, ville de nok sige, at jeg som barn var lidt af en normbryder. Jeg var nysgerrig og altid p\u00e5 jagt efter nye eventyr. Jeg kunne godt have sv\u00e6rt ved at sidde stille i skolen, og ofte tog jeg mine opdagelser fra verden udenfor med ind i klassev\u00e6relset. Jeg skulle erfare, opleve og f\u00f8le verden for at kunne l\u00e6re.<\/p>\n\n\n\n<figure class=\"wp-block-image size-large\"><img loading=\"lazy\" decoding=\"async\" width=\"1024\" height=\"576\" src=\"https:\/\/www.tinevintherclausen.dk\/wp-content\/uploads\/2020\/06\/Kopi-af-Kopi-af-Kopi-af-Design-uden-navn-2-1024x576.png\" alt=\"\" class=\"wp-image-175\" srcset=\"https:\/\/www.tinevintherclausen.dk\/wp-content\/uploads\/2020\/06\/Kopi-af-Kopi-af-Kopi-af-Design-uden-navn-2-1024x576.png 1024w, https:\/\/www.tinevintherclausen.dk\/wp-content\/uploads\/2020\/06\/Kopi-af-Kopi-af-Kopi-af-Design-uden-navn-2-300x169.png 300w, https:\/\/www.tinevintherclausen.dk\/wp-content\/uploads\/2020\/06\/Kopi-af-Kopi-af-Kopi-af-Design-uden-navn-2-768x432.png 768w, https:\/\/www.tinevintherclausen.dk\/wp-content\/uploads\/2020\/06\/Kopi-af-Kopi-af-Kopi-af-Design-uden-navn-2-1536x864.png 1536w, https:\/\/www.tinevintherclausen.dk\/wp-content\/uploads\/2020\/06\/Kopi-af-Kopi-af-Kopi-af-Design-uden-navn-2-750x422.png 750w, https:\/\/www.tinevintherclausen.dk\/wp-content\/uploads\/2020\/06\/Kopi-af-Kopi-af-Kopi-af-Design-uden-navn-2.png 1920w\" sizes=\"auto, (max-width: 1024px) 100vw, 1024px\" \/><\/figure>\n\n\n\n<p>At v\u00e6re f\u00f8dt med en naturlig nysgerrighed har ikke altid v\u00e6ret let. Jeg har altid insisteret p\u00e5, at ingen skulle tage den frie tanke fra mig, og d\u00e9n liberale v\u00e6rdi er og bliver kernen for mit liv. Jeg vil ikke frygte, hvem jeg kan m\u00f8de bag den lukkede d\u00f8r, men drives af min fornuft og f\u00f8lelsen af nysgerrighed til at udforske de muligheder, der gemmer sig bag d\u00f8ren \u2013 b\u00e5de personligt og for os som samfund.<\/p>\n\n\n\n<p><\/p>\n\n\n\n<h3 class=\"wp-block-heading\"><strong>Kampen for at bane en ny vej<\/strong><\/h3>\n\n\n\n<p>Som 20-\u00e5rig skiftede jeg Bandholm ud med studieb\u00f8gerne i K\u00f8benhavn, og syv \u00e5r senere kunne jeg som&nbsp;cand.agro.&nbsp;kalde mig familiens f\u00f8rste kandidat. I mellemtiden havde min mand og faste anker, Henrik, og jeg f\u00e5et vores to \u00f8nskeb\u00f8rn, Jens og Marie.&nbsp;<\/p>\n\n\n\n<figure class=\"wp-block-image size-large\"><img loading=\"lazy\" decoding=\"async\" width=\"1024\" height=\"576\" src=\"https:\/\/www.tinevintherclausen.dk\/wp-content\/uploads\/2020\/06\/Kopi-af-Kopi-af-Kopi-af-Design-uden-navn-1024x576.png\" alt=\"\" class=\"wp-image-176\" srcset=\"https:\/\/www.tinevintherclausen.dk\/wp-content\/uploads\/2020\/06\/Kopi-af-Kopi-af-Kopi-af-Design-uden-navn-1024x576.png 1024w, https:\/\/www.tinevintherclausen.dk\/wp-content\/uploads\/2020\/06\/Kopi-af-Kopi-af-Kopi-af-Design-uden-navn-300x169.png 300w, https:\/\/www.tinevintherclausen.dk\/wp-content\/uploads\/2020\/06\/Kopi-af-Kopi-af-Kopi-af-Design-uden-navn-768x432.png 768w, https:\/\/www.tinevintherclausen.dk\/wp-content\/uploads\/2020\/06\/Kopi-af-Kopi-af-Kopi-af-Design-uden-navn-1536x864.png 1536w, https:\/\/www.tinevintherclausen.dk\/wp-content\/uploads\/2020\/06\/Kopi-af-Kopi-af-Kopi-af-Design-uden-navn-750x422.png 750w, https:\/\/www.tinevintherclausen.dk\/wp-content\/uploads\/2020\/06\/Kopi-af-Kopi-af-Kopi-af-Design-uden-navn.png 1920w\" sizes=\"auto, (max-width: 1024px) 100vw, 1024px\" \/><\/figure>\n\n\n\n<p>I Bandholm kaldte min fars maskinfabrik, og vi blev enige om at flytte tilbage til Lolland b\u00e5de for fabrikkens og familiens skyld. Vi arbejdede dag og nat, men m\u00e5tte i begyndelsen af det nye \u00e5rtusinde konstatere, at tiden var imod fabrikken. <\/p>\n\n\n\n<p>I 2005 indgav vi konkursbeg\u00e6ring. Mange ville m\u00e5ske betragte det som et personligt nederlag, men mine bekymringer l\u00e5 et andet sted, nemlig hos de trofaste medarbejdere, der stod til at miste deres job. Min bevidsthed om mit ansvar som indehaver gjorde, at jeg i flere \u00e5r efter fulgte &#8220;Bandholm-smedene&#8221; p\u00e5 afstand for at kende deres videre f\u00e6rden.<\/p>\n\n\n\n<p>Min egen livsvej skulle ogs\u00e5 l\u00e6gges om for at bane en ny retning for mig. Jeg fandt ud af, at jeg havde smag for det gr\u00f8nne iv\u00e6rks\u00e6tteri. Sammen med Christian Lorentz Bagger fik jeg den id\u00e9 at udvikle en dansk frugt- og fuldkornsdrik i Planteriet ApS. Udover nogle unikke produkter udviklede iv\u00e6rks\u00e6tterrejsen sig ogs\u00e5 til et venskab for livet.<\/p>\n\n\n\n<figure class=\"wp-block-image size-large\"><img loading=\"lazy\" decoding=\"async\" width=\"1024\" height=\"683\" src=\"https:\/\/www.tinevintherclausen.dk\/wp-content\/uploads\/2025\/01\/Design-uden-navn-1024x683.png\" alt=\"\" class=\"wp-image-482\" srcset=\"https:\/\/www.tinevintherclausen.dk\/wp-content\/uploads\/2025\/01\/Design-uden-navn-1024x683.png 1024w, https:\/\/www.tinevintherclausen.dk\/wp-content\/uploads\/2025\/01\/Design-uden-navn-300x200.png 300w, https:\/\/www.tinevintherclausen.dk\/wp-content\/uploads\/2025\/01\/Design-uden-navn-768x512.png 768w, https:\/\/www.tinevintherclausen.dk\/wp-content\/uploads\/2025\/01\/Design-uden-navn-1536x1024.png 1536w, https:\/\/www.tinevintherclausen.dk\/wp-content\/uploads\/2025\/01\/Design-uden-navn-750x500.png 750w, https:\/\/www.tinevintherclausen.dk\/wp-content\/uploads\/2025\/01\/Design-uden-navn.png 2048w\" sizes=\"auto, (max-width: 1024px) 100vw, 1024px\" \/><\/figure>\n\n\n\n<p>Siden 2017 har jeg v\u00e6ret ansat i Gate 21. Hver morgen v\u00e5gner jeg med en gl\u00e6de og vished om, at jeg er en del af en bev\u00e6gelse, der er med til at g\u00f8re en forskel for den b\u00e6redygtige udvikling af Lolland,\u00a0som vi er sammen om at skabe.<\/p>\n\n\n\n<p>Min drivkraft i politikken s\u00e5vel som i erhvervslivet henter jeg i energien fra min familie og mine venner. At tr\u00e6ne med mine hunde, l\u00e6se b\u00f8ger og spille bridge er nogle af de aktiviteter, jeg holder allermest af. Gennem flere \u00e5r har jeg v\u00e6ret stor fan af lange g\u00e5ture, fordi man f\u00e5r s\u00e5 mange gode tanker og inspiration, n\u00e5r man g\u00e5r. Jeg er heldig at have tre veninder, der altid gerne vil med p\u00e5 g\u00e5ture for at lufte ud i tankerne. Det betyder meget for mig, at jeg har b\u00e5de familie og venner s\u00e5 t\u00e6t p\u00e5 mig, for hos dem kan jeg trykpr\u00f8ve mine tanker og id\u00e9er &#8211; og de ved, hvorn\u00e5r de skal sige stop. Jeg er taknemmelig for, at de altid er der til at st\u00f8tte mig.<\/p>\n\n\n\n<figure class=\"wp-block-image size-large\"><img loading=\"lazy\" decoding=\"async\" width=\"1024\" height=\"576\" src=\"https:\/\/www.tinevintherclausen.dk\/wp-content\/uploads\/2020\/06\/Kopi-af-Kopi-af-Kopi-af-Design-uden-navn-3-1024x576.png\" alt=\"\" class=\"wp-image-177\" srcset=\"https:\/\/www.tinevintherclausen.dk\/wp-content\/uploads\/2020\/06\/Kopi-af-Kopi-af-Kopi-af-Design-uden-navn-3-1024x576.png 1024w, https:\/\/www.tinevintherclausen.dk\/wp-content\/uploads\/2020\/06\/Kopi-af-Kopi-af-Kopi-af-Design-uden-navn-3-300x169.png 300w, https:\/\/www.tinevintherclausen.dk\/wp-content\/uploads\/2020\/06\/Kopi-af-Kopi-af-Kopi-af-Design-uden-navn-3-768x432.png 768w, https:\/\/www.tinevintherclausen.dk\/wp-content\/uploads\/2020\/06\/Kopi-af-Kopi-af-Kopi-af-Design-uden-navn-3-1536x864.png 1536w, https:\/\/www.tinevintherclausen.dk\/wp-content\/uploads\/2020\/06\/Kopi-af-Kopi-af-Kopi-af-Design-uden-navn-3-750x422.png 750w, https:\/\/www.tinevintherclausen.dk\/wp-content\/uploads\/2020\/06\/Kopi-af-Kopi-af-Kopi-af-Design-uden-navn-3.png 1920w\" sizes=\"auto, (max-width: 1024px) 100vw, 1024px\" \/><\/figure>\n\n\n\n<h3 class=\"wp-block-heading\"><strong>Vi kan g\u00f8re det sammen<\/strong><\/h3>\n\n\n\n<p>Som \u00e5rene gik, blev jeg dog klar over, at hvis jeg virkelig ville g\u00f8re en forskel, m\u00e5tte jeg g\u00e5 ind i lokalpolitik. Jeg meldte mig ind i Venstre, det liberale parti med plads til nysgerrighed og frie tanker, og blev i 2017 valgt til byr\u00e5det, udpeget som formand for Fritids- og Kulturudvalget og medlem af B\u00f8rn- og Skoleudvalget. I perioden fra 2022-2025 har jeg v\u00e6ret formand for Klima-, Teknik- og Milj\u00f8udvalget, og fra 2026 er jeg formand for Sundhed- og \u00c6ldreudvalget.<\/p>\n\n\n\n<p>Lige nu har vi i Lolland en unik mulighed for at bane vores egen vej i verden. Den b\u00e6redygtige omstilling har et potentiale til at skabe udvikling og placere os p\u00e5 det gr\u00f8nne Danmarkskort. Femern-forbindelsen g\u00f8r os om f\u00e5 \u00e5r til porten for Europa. Nakskov 2030 og udviklingen af afk\u00f8rsel 48 kommer til at skabe en hidtil uset fremgang for vores hovedbyer, der vil smitte af p\u00e5 hele kommunen og s\u00e6tte spor i resten af Danmark. Der ligger et stort erhvervspotentiale i omr\u00e5det ved elementfabrikken. Endelig er fremtiden for Nakskov Havn er afg\u00f8rende for udviklingen af Lolland Kommune.<\/p>\n\n\n\n<p>Det er nu, at vi skal bane vores egen vej for Lolland \u2013 og\u00a0vi g\u00f8r det sammen.\u00a0<\/p>\n\n\n\n<figure class=\"wp-block-image size-large\"><img loading=\"lazy\" decoding=\"async\" width=\"1024\" height=\"683\" src=\"https:\/\/www.tinevintherclausen.dk\/wp-content\/uploads\/2025\/09\/Design-uden-navn-1024x683.png\" alt=\"\" class=\"wp-image-564\" srcset=\"https:\/\/www.tinevintherclausen.dk\/wp-content\/uploads\/2025\/09\/Design-uden-navn-1024x683.png 1024w, https:\/\/www.tinevintherclausen.dk\/wp-content\/uploads\/2025\/09\/Design-uden-navn-300x200.png 300w, https:\/\/www.tinevintherclausen.dk\/wp-content\/uploads\/2025\/09\/Design-uden-navn-768x512.png 768w, https:\/\/www.tinevintherclausen.dk\/wp-content\/uploads\/2025\/09\/Design-uden-navn-1536x1024.png 1536w, https:\/\/www.tinevintherclausen.dk\/wp-content\/uploads\/2025\/09\/Design-uden-navn-750x500.png 750w, https:\/\/www.tinevintherclausen.dk\/wp-content\/uploads\/2025\/09\/Design-uden-navn.png 2048w\" sizes=\"auto, (max-width: 1024px) 100vw, 1024px\" \/><\/figure>\n\n\n\n<p><\/p>\n\n\n\n<p><strong>Mit CV<\/strong><\/p>\n\n\n\n<p><strong>Erhvervskarriere<\/strong><\/p>\n\n\n\n<p>2017-? Seniorprojektleder, Gate 21.<\/p>\n\n\n\n<p>2015-2016 Projektleder til etablering af WiSH by SEiMEi, Nakskov.<\/p>\n\n\n\n<p>2014 Ekstern konsulent, \u00d8stdansk Turisme.<\/p>\n\n\n\n<p>2014 Vikar for projektleder, M\u00f8n Dark Sky Park, Vordingborg Kommune. 2011-2013 Projektleder, SYDTEK.<\/p>\n\n\n\n<p>2008-2015 Co-founder af Planteriet ApS sammen med Christian Lorentz Bagger.<\/p>\n\n\n\n<p>2005-2011 Projektleder for Gr\u00f8nt Center, Holeby.<\/p>\n\n\n\n<p>1993-2005 Direkt\u00f8r og indehaver af Bandholm Maskinfabrik, generationsskiftet efter min far.<\/p>\n\n\n\n<p><\/p>\n\n\n\n<p><strong>Uddannelse<\/strong><\/p>\n\n\n\n<p>1999 Diplomuddannelse i ledelse, N\u00e6stved Handelsskole.<\/p>\n\n\n\n<p>1995 Cand.agro. ved Den Kongelige Veterin\u00e6r- og Landboh\u00f8jskole (nu KU-Life). 1988 H\u00f8jere Handelseksamen fra Roskilde Handelsskole.<\/p>\n\n\n\n<p>1987 Student fra Maribo Gymnasium.<\/p>\n\n\n\n<p><\/p>\n\n\n\n<p><strong>Ekstra kurser<\/strong><\/p>\n\n\n\n<p>2009 Overbygning p\u00e5 Klyngefacilitator fra Oxford Research i K\u00f8benhavn. 2009 V\u00e6kstdriver- kursus fra New Milestone i \u00c5rhus.<\/p>\n\n\n\n<p>2008 Certificeret coach fra Decision i K\u00f8benhavn.<\/p>\n\n\n\n<p>2007 Certificeret Klyngefacilitator fra Oxford Research i K\u00f8benhavn. 1999 Diplomuddannelse i ledelse fra N\u00e6stved Handelsskole.<\/p>\n\n\n\n<p><\/p>\n\n\n\n<p><strong>Nuv\u00e6rende tillidshverv<\/strong><\/p>\n\n\n\n<p>Byr\u00e5dsmedlem for Venstre i Lolland Kommune. Formand Sundheds- og \u00c6ldreudvalget.<\/p>\n\n\n\n<p><\/p>\n\n\n\n<p><strong>Tillidshverv og frivilligt arbejde gennem tiden<\/strong><\/p>\n\n\n\n<ul class=\"wp-block-list\">\n<li>Tidligere gruppeformand for Venstre i Lolland Kommune.<\/li>\n\n\n\n<li>Tidligere formand for Klima-, Teknik- og Milj\u00f8udvalget i Lolland Kommune.<\/li>\n\n\n\n<li>Tidligere formand for I\/S REFA.<\/li>\n\n\n\n<li>Tidligere formand for Fritids- og Kulturudvalget og B\u00f8rne- og Skoleudvalget i Lolland Kommune.<\/li>\n\n\n\n<li>Bestyrelsesmedlem for N\u00f8rregade Teatret.<\/li>\n\n\n\n<li>Bestyrelsesmedlem for Ensemble Storstr\u00f8m.<\/li>\n\n\n\n<li>Bestyrelsesmedlem for Fuglsang Kunstmuseum.<\/li>\n\n\n\n<li>Medlem af den politiske styregruppe i Kulturregion Storstr\u00f8mmen.<\/li>\n\n\n\n<li>Co-founder #LollandFalsterLovestorm.<\/li>\n\n\n\n<li>Bestyrelsesmedlem af i Dansk Industri Lolland-Falster.<\/li>\n\n\n\n<li>Bestyrelsesmedlem for brancheforeningen af sm\u00e5 og mellemstore fremstillingsvirksomheder.<\/li>\n\n\n\n<li>Bestyrelsesmedlem i Dansk Arbejdsgiverforening, lokalafdeling Storstr\u00f8m.<\/li>\n\n\n\n<li>Bestyrelsesmedlem i Erhvervsr\u00e5d Lolland-Falster (forl\u00f8beren til Business Lolland-Falster)<\/li>\n\n\n\n<li>Bestyrelsesmedlem i Nakskov Tekniske Skole.<\/li>\n\n\n\n<li>Bestyrelsesmedlem i Storstr\u00f8ms Erhvervscenter.<\/li>\n\n\n\n<li>Bestyrelsesmedlem i Maribo Gymnasium.<\/li>\n\n\n\n<li>Medlem af M\u00e5l 2-udvalget for erhvervsfremme, Storstr\u00f8ms Amt.<\/li>\n<\/ul>\n","protected":false},"excerpt":{"rendered":"<p>\u201dDen, der g\u00e5r i de andres fodspor, kommer aldrig foran.\u201d Det er mit livsmotto. Selvom det kan lyde s\u00e5dan, er det ikke bare et sp\u00f8rgsm\u00e5l om at komme f\u00f8rst. Det handler derimod om at vove \u2013 at turde s\u00f8ge sin egen vej og s\u00e6tte sit eget pr\u00e6g p\u00e5 sine omgivelser. Fra barnsben har jeg altid&hellip;<a href=\"https:\/\/www.tinevintherclausen.dk\/index.php\/hvem-er-tine\/\" class=\"more-link\">Continue reading <span class=\"screen-reader-text\">Hvem er Tine?<\/span><\/a><\/p>\n","protected":false},"author":1,"featured_media":0,"parent":0,"menu_order":5,"comment_status":"closed","ping_status":"closed","template":"","meta":{"footnotes":""},"class_list":["post-31","page","type-page","status-publish","hentry"],"_links":{"self":[{"href":"https:\/\/www.tinevintherclausen.dk\/index.php\/wp-json\/wp\/v2\/pages\/31","targetHints":{"allow":["GET"]}}],"collection":[{"href":"https:\/\/www.tinevintherclausen.dk\/index.php\/wp-json\/wp\/v2\/pages"}],"about":[{"href":"https:\/\/www.tinevintherclausen.dk\/index.php\/wp-json\/wp\/v2\/types\/page"}],"author":[{"embeddable":true,"href":"https:\/\/www.tinevintherclausen.dk\/index.php\/wp-json\/wp\/v2\/users\/1"}],"replies":[{"embeddable":true,"href":"https:\/\/www.tinevintherclausen.dk\/index.php\/wp-json\/wp\/v2\/comments?post=31"}],"version-history":[{"count":31,"href":"https:\/\/www.tinevintherclausen.dk\/index.php\/wp-json\/wp\/v2\/pages\/31\/revisions"}],"predecessor-version":[{"id":619,"href":"https:\/\/www.tinevintherclausen.dk\/index.php\/wp-json\/wp\/v2\/pages\/31\/revisions\/619"}],"wp:attachment":[{"href":"https:\/\/www.tinevintherclausen.dk\/index.php\/wp-json\/wp\/v2\/media?parent=31"}],"curies":[{"name":"wp","href":"https:\/\/api.w.org\/{rel}","templated":true}]}}